 Let g(y) = 163121*y + 13 - 163122*y - 3. Calculate g(k).
5
Let p(q) = 636*q + 0*q**2 + 5*q**2 - 206*q - 207*q - 215*q + 10. Give p(-5).
95
Let q(p) be the first derivative of -p**3/6 - 4*p**2 + 21*p - 25. Let z(m) be the first derivative of q(m). Let j be (-27 - -32) + (-2)/(-2). Determine z(j).
-14
Let b(q) = -q - q**3 - 4 + 0 + 14*q**2 - 7*q**2. Let r be (-86)/129 - (-164)/(-6). Let k be r/(-6)*42/28. What is b(k)?
-11
Let n(z) be the second derivative of z**4/12 - 4*z**3/3 - 6*z**2 + 33*z + 2. Let l(m) = m**3 + m**2 - 2*m + 9. Let h be l(0). Calculate n(h).
-3
Suppose -2*i - 3*i = 3*o + 14, 4*i = 2*o + 24. Let h(p) be the second derivative of p**3/6 - 7*p**2/2 - 2354*p. What is h(o)?
-15
Let b(z) = 5*z + 267. Let u be b(-17). Suppose 177*c = u*c - 25. Let j(l) = -l**3 + 4*l**2 + 6*l - 11. What is j(c)?
-6
Let b = 752 - 763. Let j(u) = 3*u + 26. Give j(b).
-7
Let h(f) = 0*f**2 + f**3 - 7 - 305*f + 7*f**2 - 12*f**2 + 297*f. Calculate h(6).
-19
Suppose 18 + 54 = -2*t. Let k = t - -31. Let u(b) = -b**2 - 4*b - 5. What is u(k)?
-10
Let g(f) be the second derivative of 3*f**3/2 + 3*f**2/2 + 28*f + 6. What is g(-2)?
-15
Let j(v) be the third derivative of -v**4/12 - 6*v**2. Let u(m) = 5*m + 4. Let z = 1263 - 1262. Let n(x) = z*j(x) + u(x). What is n(-3)?
-5
Let i(v) = v**3 + 21*v**2 + 20*v + 22. Let w be i(-20). Let p(h) = -w*h + 108*h - 34*h - 23*h. What is p(1)?
29
Suppose -4 = b - 2*k, 6*b - 12 = 2*b + k. Suppose b*a + 30 = f, 2*a + 6 = -f - 3*a. Let o(x) = -x**3 + 7 - 7*x**2 + x**2 + f*x - 18*x. Determine o(-5).
2
Let x(k) = 2*k**3 - 6*k**2 - 175*k - 12. Let z be x(11). Let n(y) be the second derivative of -29*y**4/12 - y**3/6 + 20*y. Determine n(z).
-28
Let y(b) = -4*b**2 - 3854 - 19*b + 3*b**2 + 3784. Give y(-14).
0
Let t(k) = k**3 - 3*k**2 + 2*k - 1. Suppose 4*z + 15 = -r, 0 = 5*z + r - 6*r + 25. Let p be 3/(-6) + (z - (-172)/(-8)). Let y = 28 + p. What is t(y)?
-1
Let o(z) = -3*z**2 + 3*z - 1. Suppose -7 = -w - 2*t, 0*w = 3*w - 2*t - 5. Let y(m) = 3*m**2 - 3*m + 2. Let k(v) = w*o(v) + 2*y(v). Calculate k(3).
-17
Suppose -48 + 744 = 3*g. Suppose -42*x + g = -38*x. Let w(a) = -x*a + 20*a + 20*a - 2 + 15*a. Determine w(2).
-8
Let f(x) = 5*x + 65. Let k be f(-5). Suppose -3*r + d - k = 0, 5*r - 2*d + 50 = -16. Let u(z) = -z**2 - 14*z - 3. Determine u(r).
-3
Let c(q) be the first derivative of q**4/4 - 5*q**3/3 - 2*q**2 - 2*q - 3164. Determine c(6).
10
Let g(q) = -2*q**3 - 7*q**2 - 2*q + 1. Let o be g(-3). Let p be 13/(-13)*(-4 - o). Let i(j) = -j**2 + 1. What is i(p)?
-3
Let s(o) be the second derivative of -o**4/12 + o**3 - 3*o**2/2 + 1171*o. What is s(5)?
2
Let f(b) = 7*b**2 - 290*b - 8. Let t be f(0). Let y(j) = -j**3 - 4*j**2 + 42*j + 76. Calculate y(t).
-4
Suppose w - 4*w = -4*j - 134, -66 = 2*j - 2*w. Let p = 41 + j. Let k(r) = -p + 2*r + 5 + 0. What is k(-3)?
-7
Let i = -11 + 8. Suppose 0*j = -2*j - 5*n + 61, 0 = 2*j - 4*n - 16. Let s(g) = -8 + g - 7 + 2*g + j. Determine s(i).
-6
Let i(t) = -t**3 - 9*t**2 - t - 4. Let n = 607 + -309. Let z = 289 - n. Calculate i(z).
5
Suppose 5*i - 7 = -3*h, 0 = 2*h - 0*h - 3*i - 30. Let c(a) be the first derivative of h*a - 21 - 1/2*a**2. Determine c(0).
9
Let p be (2 - 0)*((-99)/6)/(-1). Let d(v) = -2*v**2 + 3*v**2 - p + 66 - 35 + 6*v. Give d(-6).
-2
Let o(w) = 4*w**2 - 2*w - 3. Let i be (-7 + 0)*(-190)/266. Let g(b) = -8*b**2 + 3*b + 6. Let t(d) = i*o(d) + 2*g(d). What is t(-2)?
21
Suppose 25*l - 24*l = -4*a - 36, -l - 3*a = 28. Let r(f) = 69*f + 267. Give r(l).
-9
Let o(m) = -6*m + 8. Let a(y) = -3*y + 4. Let i(j) = -5*a(j) + 2*o(j). Let k(l) = -l - 1. Let h(r) = i(r) + 6*k(r). What is h(-6)?
8
Let y(c) = c**3 - 10*c - 10. Let o(t) = 2*t**2 + 266*t + 3741. Let j be o(-117). What is y(j)?
-7
Let z(f) = f**3 - 5*f**2 + f - 2. Suppose -2*s = p + 2*p - 13, 2*p = 3*s - 13. Let m(w) = 3*w - 8. Let h be m(s). Suppose -h*c = -10 - 25. What is z(c)?
3
Let k(x) = -8*x**3 + 5*x**2 - 10*x + 19. Let h be k(2). Let q(l) = l**2 + 45*l + 11. Determine q(h).
11
Let w(j) = j - 1. Let h(n) = n + 15. Let i(q) = -2*q**3 + 24*q**2 + 4. Let s be i(12). Suppose -2*a - 64 = 5*d, d + s*a = -12 - 8. Let c be h(d). Give w(c).
2
Let o be -2*(8/(-10))/(6/15). Suppose o*x - x = 78. Let z = x - 25. Let f(a) = 8*a**3 - a**2 + a. Determine f(z).
8
Let a(v) = -3*v**2 + 5*v + 3. Let o = 97 - -278. Let p = o - 371. Give a(p).
-25
Let p(v) = -355 + 443 - 14*v - 13*v - 1099 - 3*v. What is p(-34)?
9
Suppose 0 = -39*r + 46*r + 63. Let h(q) = 0*q - 11 - 3*q - q + 0*q - 1. Give h(r).
24
Let t(n) = n + 1. Let r = -132 - -136. Suppose 7*l - 10*l = 12, -r*u - 2*l = 8. Suppose 0*s = -4*s, 3*p - s - 18 = u. What is t(p)?
7
Suppose -111 = -3*u + 2*i, 0 = 6*u - u + 2*i - 201. Suppose -u = -8*v + 9. Let h(c) = -c**3 + 5*c**2 + 6*c + 6. Determine h(v).
6
Let y(q) = 12*q**2 - 5*q - 7*q + 11*q. Let t = 335 + -336. Calculate y(t).
13
Let g(i) be the second derivative of -i**5/20 - i**4/3 - i**3/2 - i**2 - 219*i + 3. Determine g(-5).
38
Let a(c) = 7*c**2 + 11*c - 6. Let v(o) = -12*o**2 - 4*o**2 - 17*o + 6*o**2 + 9. Let s(q) = -7*a(q) - 5*v(q). Let z = 133 - 140. What is s(z)?
-10
Let w be ((-14)/(-4))/(5/10) - (-1 - -12). Let y(u) = -4*u**2 - 22*u - 18. Give y(w).
6
Let w(p) be the second derivative of -p**6/120 - p**5/5 - p**4/24 - 7*p**3/3 + 6*p**2 + 3*p - 31. Let j(v) be the first derivative of w(v). Calculate j(-12).
-2
Let p(g) = g**3 - 2*g**2 + 3*g - 2. Let c be (12/(-20))/(3/(-15)). Suppose -d - c*d + 16 = 4*q, -4*q = 3*d - 15. What is p(q)?
16
Let q = 125 + -116. Let a(s) = -5*s**2 + 6 + 0 + 0 + 9*s + 4*s**2. Calculate a(q).
6
Let t(a) be the second derivative of -9*a + 0 - 1/6*a**3 + 7*a**2. Let x be t(9). Let h(s) = -3*s + 5. Calculate h(x).
-10
Let r = -408 - -404. Let z(p) = -p**2 - 8*p - 5. Let k be z(r). Let f(y) = y**2 - 9*y - 6. Give f(k).
16
Let l(y) = -11656*y**2 + 12*y + y**3 - 47 + 11643*y**2 + 13*y. What is l(11)?
-14
Let m(t) = 1431*t - 1438. Let g be m(1). Let r(a) = 2*a**3 + 14*a**2 + 11*a + 11. Determine r(g).
-66
Suppose 192 = -60*g + 12*g. Let d(n) = 3*n**2 + 8*n - 5. Calculate d(g).
11
Let h(w) = 3*w + 15. Suppose -2*r - 16 = z - 9, -3*z - 21 = 2*r. Calculate h(z).
-6
Let k(u) = -46*u - 126. Let m(f) = -23*f - 58. Let g(v) = -4*k(v) + 9*m(v). Give g(3).
-87
Let a(m) = -70*m - m**2 + 4 + 23*m + 20*m + 23*m. What is a(6)?
-56
Let t = 94142 - 94142. Let m(q) be the first derivative of -q**4/2 + q**3/3 - 4*q + 1. Calculate m(t).
-4
Suppose i - 15 = -2*i. Let k(x) be the first derivative of 1/3*x**3 + 0*x**2 + 14 - 3*x. What is k(i)?
22
Let s be (-3)/2 + (12 + -39)/54. Let i(d) = -5*d**2 + 3*d. Give i(s).
-26
Let g be 2*((65/(-10))/(-1) + 4). Suppose 4*x - 3*h = -5 - 10, -3*x - g = h. Let f(y) = -y - 4. Determine f(x).
2
Let r(f) = -f**3 - 3*f**2 - 3. Suppose 111 = -2*w - 9*q + 8*q, 216 = -4*w + 4*q. Suppose -4*p - 231 + 23 = 0. Let c = w - p. Calculate r(c).
-3
Let w(s) = -s + 637*s**2 + 63 - 72 - s**3 - 644*s**2. Calculate w(-5).
-54
Let p(f) = 10*f**3 + 5*f**2 + 2*f - 1. Let m be p(1). Suppose m*h + 168 = 37*h. Let o(g) = g**2 - 7*g - 16. What is o(h)?
-8
Let o(d) = -2*d**2 + 4. Let x(t) be the first derivative of -t**4/4 + 10*t**3 + 63*t**2/2 + 29*t + 252. Let z be x(32). Give o(z).
-14
Let n(b) = 2*b**3 + 9*b**2 + 8*b - 5. Let q(l) = l**3 + 7*l**2 + 7*l - 4. Suppose -19*x = -52 - 5. Let r(v) = x*q(v) - 2*n(v). Determine r(4).
2
Suppose -1021*x + 1025*x + 26 = -2*g, 5*g + x + 38 = 0. Let k(b) = -b**3 - 9*b**2 - 6*b - 10. Give k(g).
-66
Let t(q) be the second derivative of -5/2*q**2 - 1/20*q**5 - q**3 + 123*q + 0 - 1/2*q**4. Suppose 4*f + 3*g + 36 = -g, -5*f + 3*g = 13. Calculate t(f).
0
Let x(m) be the first derivative of -5*m**2/2 - 22*m - 3141. What is x(-7)?
13
Let o(g) be the third derivative of -g**7/2520 - g**6/144 + g**5/40 - 71*g**4/24 - 2*g**2 - 14. Let q(a) be the second derivative of o(a). What is q(-4)?
7
Suppose -a - 6 = 4*d - 0*d, -2*a - 5*d = 3. Suppose a*v - 17 = -5. Let q(p) = -7*p**2 + 2*p - 1. Calculate q(v).
-25
Let w be 1/(-5) + (-5 - 492/(-60)). Suppose r - 10 + 1 = 4*m, 0 = w*r - 3*m + 9. Let v(a) = a**3 + 7*a**2 + 3*a - 1. Calculate v(r).
-22
Let q(w) = -w**2 - 2*w + 20. Let y(k) = 8*k**2 + 15*k - 168. Let a(t) = -25*q(t) - 3*y(t). Let z(j) = j - 11. Let s be z(5). What is a(s)?
10
Let u(d) be the 